{"id":964,"date":"2023-10-15T18:22:04","date_gmt":"2023-10-15T18:22:04","guid":{"rendered":"https:\/\/powerstrong.com.br\/?page_id=964"},"modified":"2023-10-31T04:01:22","modified_gmt":"2023-10-31T04:01:22","slug":"perguntas-frequentes","status":"publish","type":"page","link":"https:\/\/powerstrong.com.br\/index.php\/perguntas-frequentes\/","title":{"rendered":"Perguntas Frequentes"},"content":{"rendered":"\t\t<div data-elementor-type=\"wp-page\" data-elementor-id=\"964\" class=\"elementor elementor-964\" data-elementor-post-type=\"page\">\n\t\t\t\t\t\t<section class=\"elementor-section elementor-top-section elementor-element elementor-element-36fa4a5 elementor-section-boxed elementor-section-height-default elementor-section-height-default\" data-id=\"36fa4a5\" data-element_type=\"section\" data-settings=\"{&quot;background_background&quot;:&quot;classic&quot;}\">\n\t\t\t\t\t\t<div class=\"elementor-container elementor-column-gap-default\">\n\t\t\t\t\t<div class=\"elementor-column elementor-col-100 elementor-top-column elementor-element elementor-element-49655d6\" data-id=\"49655d6\" data-element_type=\"column\">\n\t\t\t<div class=\"elementor-widget-wrap elementor-element-populated\">\n\t\t\t\t\t\t<section class=\"elementor-section elementor-inner-section elementor-element elementor-element-5c3f7e4 elementor-section-boxed elementor-section-height-default elementor-section-height-default\" data-id=\"5c3f7e4\" data-element_type=\"section\">\n\t\t\t\t\t\t<div class=\"elementor-container elementor-column-gap-default\">\n\t\t\t\t\t<div class=\"elementor-column elementor-col-100 elementor-inner-column elementor-element elementor-element-7ab724d\" data-id=\"7ab724d\" data-element_type=\"column\">\n\t\t\t<div class=\"elementor-widget-wrap elementor-element-populated\">\n\t\t\t\t\t\t<div class=\"elementor-element elementor-element-3a59863 elementor-widget elementor-widget-elementskit-heading\" data-id=\"3a59863\" data-element_type=\"widget\" data-widget_type=\"elementskit-heading.default\">\n\t\t\t\t<div class=\"elementor-widget-container\">\n\t\t\t<div class=\"ekit-wid-con\" ><div class=\"ekit-heading elementskit-section-title-wraper center   ekit_heading_tablet-   ekit_heading_mobile-\"><h2 class=\"ekit-heading--title elementskit-section-title \">PERGUNTAS <span>FREQUENTES<\/span><\/h2><\/div><\/div>\t\t<\/div>\n\t\t\t\t<\/div>\n\t\t\t\t<div class=\"elementor-element elementor-element-c57a970 elementor-widget elementor-widget-spacer\" data-id=\"c57a970\" data-element_type=\"widget\" data-widget_type=\"spacer.default\">\n\t\t\t\t<div class=\"elementor-widget-container\">\n\t\t\t\t\t<div class=\"elementor-spacer\">\n\t\t\t<div class=\"elementor-spacer-inner\"><\/div>\n\t\t<\/div>\n\t\t\t\t<\/div>\n\t\t\t\t<\/div>\n\t\t\t\t\t<\/div>\n\t\t<\/div>\n\t\t\t\t\t<\/div>\n\t\t<\/section>\n\t\t\t\t<section class=\"elementor-section elementor-inner-section elementor-element elementor-element-bd70828 elementor-section-boxed elementor-section-height-default elementor-section-height-default\" data-id=\"bd70828\" data-element_type=\"section\">\n\t\t\t\t\t\t<div class=\"elementor-container elementor-column-gap-no\">\n\t\t\t\t\t<div class=\"elementor-column elementor-col-100 elementor-inner-column elementor-element elementor-element-fb62690\" data-id=\"fb62690\" data-element_type=\"column\">\n\t\t\t<div class=\"elementor-widget-wrap elementor-element-populated\">\n\t\t\t\t\t\t<div class=\"elementor-element elementor-element-6f00045 elementor-widget elementor-widget-elementskit-accordion\" data-id=\"6f00045\" data-element_type=\"widget\" data-widget_type=\"elementskit-accordion.default\">\n\t\t\t\t<div class=\"elementor-widget-container\">\n\t\t\t<div class=\"ekit-wid-con\" >\n        <div class=\"elementskit-accordion accoedion-primary\" id=\"accordion-69f5f5f763afc\">\n\n            \n                <div class=\"elementskit-card active\">\n                    <div class=\"elementskit-card-header\" id=\"primaryHeading-0-6f00045\">\n                        <a href=\"#collapse-4de5b9569f5f5f763afc\" class=\"ekit-accordion--toggler elementskit-btn-link collapsed\" data-ekit-toggle=\"collapse\" data-target=\"#Collapse-4de5b9569f5f5f763afc\" aria-expanded=\"true\" aria-controls=\"Collapse-4de5b9569f5f5f763afc\">\n                            \n                            <span class=\"ekit-accordion-title\">O que \u00e9 o T-Energy\u00ae ?<\/span>\n\n                            \n                                <div class=\"ekit_accordion_icon_group\">\n                                    <div class=\"ekit_accordion_normal_icon\">\n                                        <!-- Normal Icon -->\n                                        <i aria-hidden=\"true\" class=\"icon-open icon-right icon icon-down-arrow1\"><\/i>                                    <\/div>\n\n                                    <div class=\"ekit_accordion_active_icon\">\n                                        <!-- Active Icon -->\n                                        <i aria-hidden=\"true\" class=\"icon-closed icon-right icon icon-up-arrow\"><\/i>                                    <\/div>\n\n                                <\/div>\n\n                            \n                                                    <\/a>\n                    <\/div>\n\n                    <div id=\"Collapse-4de5b9569f5f5f763afc\" class=\" show collapse\" aria-labelledby=\"primaryHeading-0-6f00045\" data-parent=\"#accordion-69f5f5f763afc\">\n\n                        <div class=\"elementskit-card-body ekit-accordion--content\">\n                            <p>O T-Energy\u00ae \u00e9 um concentrado de nutrientes, que deve ser consumido pela manh\u00e3, capaz de potencializar o funcionamento de sua tireoide, auxiliando na regula\u00e7\u00e3o do metabolismo basal.<\/p>                        <\/div>\n\n                    <\/div>\n\n                <\/div><!-- .elementskit-card END -->\n\n                \n                <div class=\"elementskit-card \">\n                    <div class=\"elementskit-card-header\" id=\"primaryHeading-1-6f00045\">\n                        <a href=\"#collapse-a7343b069f5f5f763afc\" class=\"ekit-accordion--toggler elementskit-btn-link collapsed\" data-ekit-toggle=\"collapse\" data-target=\"#Collapse-a7343b069f5f5f763afc\" aria-expanded=\"false\" aria-controls=\"Collapse-a7343b069f5f5f763afc\">\n                            \n                            <span class=\"ekit-accordion-title\">Quais s\u00e3o os benef\u00edcios do T-Energy\u00ae ?<\/span>\n\n                            \n                                <div class=\"ekit_accordion_icon_group\">\n                                    <div class=\"ekit_accordion_normal_icon\">\n                                        <!-- Normal Icon -->\n                                        <i aria-hidden=\"true\" class=\"icon-open icon-right icon icon-down-arrow1\"><\/i>                                    <\/div>\n\n                                    <div class=\"ekit_accordion_active_icon\">\n                                        <!-- Active Icon -->\n                                        <i aria-hidden=\"true\" class=\"icon-closed icon-right icon icon-up-arrow\"><\/i>                                    <\/div>\n\n                                <\/div>\n\n                            \n                                                    <\/a>\n                    <\/div>\n\n                    <div id=\"Collapse-a7343b069f5f5f763afc\" class=\" collapse\" aria-labelledby=\"primaryHeading-1-6f00045\" data-parent=\"#accordion-69f5f5f763afc\">\n\n                        <div class=\"elementskit-card-body ekit-accordion--content\">\n                            <ul><li>Maior disposi\u00e7\u00e3o no dia a dia<\/li><li>Melhora da fun\u00e7\u00e3o tireoidiana<\/li><li>Aumento de gasto cal\u00f3rico<\/li><li>Auxilia na inibi\u00e7\u00e3o do apetite<\/li><li>Perda de peso<\/li><li>Regula\u00e7\u00e3o na produ\u00e7\u00e3o de neurotransmissores, melhora do humor<\/li><li>Efeito antioxidante<\/li><li>Aumento da imunidade<\/li><li>Prote\u00e7\u00e3o cardiovascular<\/li><li>Facilita elimina\u00e7\u00e3o de toxinas indesejadas<\/li><li>Evita o envelhecimento prematuro<\/li><\/ul>                        <\/div>\n\n                    <\/div>\n\n                <\/div><!-- .elementskit-card END -->\n\n                \n                <div class=\"elementskit-card \">\n                    <div class=\"elementskit-card-header\" id=\"primaryHeading-2-6f00045\">\n                        <a href=\"#collapse-7e7710669f5f5f763afc\" class=\"ekit-accordion--toggler elementskit-btn-link collapsed\" data-ekit-toggle=\"collapse\" data-target=\"#Collapse-7e7710669f5f5f763afc\" aria-expanded=\"false\" aria-controls=\"Collapse-7e7710669f5f5f763afc\">\n                            \n                            <span class=\"ekit-accordion-title\">Como devo tomar meu T-Energy\u00ae ?<\/span>\n\n                            \n                                <div class=\"ekit_accordion_icon_group\">\n                                    <div class=\"ekit_accordion_normal_icon\">\n                                        <!-- Normal Icon -->\n                                        <i aria-hidden=\"true\" class=\"icon-open icon-right icon icon-down-arrow1\"><\/i>                                    <\/div>\n\n                                    <div class=\"ekit_accordion_active_icon\">\n                                        <!-- Active Icon -->\n                                        <i aria-hidden=\"true\" class=\"icon-closed icon-right icon icon-up-arrow\"><\/i>                                    <\/div>\n\n                                <\/div>\n\n                            \n                                                    <\/a>\n                    <\/div>\n\n                    <div id=\"Collapse-7e7710669f5f5f763afc\" class=\" collapse\" aria-labelledby=\"primaryHeading-2-6f00045\" data-parent=\"#accordion-69f5f5f763afc\">\n\n                        <div class=\"elementskit-card-body ekit-accordion--content\">\n                            <p>O T-Energy\u00ae foi idealizado para ser tomado 2 capsulas 1x ao dia pela manh\u00e3 ap\u00f3s o caf\u00e9 da manh\u00e3. Por\u00e9m existe a flexibilidade de utilizar de um jeito que funcione melhor para voc\u00ea.<\/p>                        <\/div>\n\n                    <\/div>\n\n                <\/div><!-- .elementskit-card END -->\n\n                \n                <div class=\"elementskit-card \">\n                    <div class=\"elementskit-card-header\" id=\"primaryHeading-3-6f00045\">\n                        <a href=\"#collapse-eb0a5e969f5f5f763afc\" class=\"ekit-accordion--toggler elementskit-btn-link collapsed\" data-ekit-toggle=\"collapse\" data-target=\"#Collapse-eb0a5e969f5f5f763afc\" aria-expanded=\"false\" aria-controls=\"Collapse-eb0a5e969f5f5f763afc\">\n                            \n                            <span class=\"ekit-accordion-title\">Qualquer pessoa pode tomar o T-Energy\u00ae ?<\/span>\n\n                            \n                                <div class=\"ekit_accordion_icon_group\">\n                                    <div class=\"ekit_accordion_normal_icon\">\n                                        <!-- Normal Icon -->\n                                        <i aria-hidden=\"true\" class=\"icon-open icon-right icon icon-down-arrow1\"><\/i>                                    <\/div>\n\n                                    <div class=\"ekit_accordion_active_icon\">\n                                        <!-- Active Icon -->\n                                        <i aria-hidden=\"true\" class=\"icon-closed icon-right icon icon-up-arrow\"><\/i>                                    <\/div>\n\n                                <\/div>\n\n                            \n                                                    <\/a>\n                    <\/div>\n\n                    <div id=\"Collapse-eb0a5e969f5f5f763afc\" class=\" collapse\" aria-labelledby=\"primaryHeading-3-6f00045\" data-parent=\"#accordion-69f5f5f763afc\">\n\n                        <div class=\"elementskit-card-body ekit-accordion--content\">\n                            <p>A partir de 19 anos de idade, todos podem tomar, desde que n\u00e3o haja hist\u00f3ria de alergia ou hipersensibilidade a algum dos componentes de sua f\u00f3rmula. Gestantes e lactantes devem consultar um m\u00e9dico antes de fazer o uso de qualquer produto ou medicamento.<\/p>                        <\/div>\n\n                    <\/div>\n\n                <\/div><!-- .elementskit-card END -->\n\n                \n                <div class=\"elementskit-card \">\n                    <div class=\"elementskit-card-header\" id=\"primaryHeading-4-6f00045\">\n                        <a href=\"#collapse-e9e58ff69f5f5f763afc\" class=\"ekit-accordion--toggler elementskit-btn-link collapsed\" data-ekit-toggle=\"collapse\" data-target=\"#Collapse-e9e58ff69f5f5f763afc\" aria-expanded=\"false\" aria-controls=\"Collapse-e9e58ff69f5f5f763afc\">\n                            \n                            <span class=\"ekit-accordion-title\">Quais as contraindica\u00e7\u00f5es do T-Energy\u00ae ?<\/span>\n\n                            \n                                <div class=\"ekit_accordion_icon_group\">\n                                    <div class=\"ekit_accordion_normal_icon\">\n                                        <!-- Normal Icon -->\n                                        <i aria-hidden=\"true\" class=\"icon-open icon-right icon icon-down-arrow1\"><\/i>                                    <\/div>\n\n                                    <div class=\"ekit_accordion_active_icon\">\n                                        <!-- Active Icon -->\n                                        <i aria-hidden=\"true\" class=\"icon-closed icon-right icon icon-up-arrow\"><\/i>                                    <\/div>\n\n                                <\/div>\n\n                            \n                                                    <\/a>\n                    <\/div>\n\n                    <div id=\"Collapse-e9e58ff69f5f5f763afc\" class=\" collapse\" aria-labelledby=\"primaryHeading-4-6f00045\" data-parent=\"#accordion-69f5f5f763afc\">\n\n                        <div class=\"elementskit-card-body ekit-accordion--content\">\n                            <p>O T-Energy\u00ae \u00e9 contraindicado para gestantes, lactantes e crian\u00e7as. Pessoas com alergias pr\u00e9-existentes devem buscar recomenda\u00e7\u00f5es m\u00e9dicas.<\/p>                        <\/div>\n\n                    <\/div>\n\n                <\/div><!-- .elementskit-card END -->\n\n                \n                <div class=\"elementskit-card \">\n                    <div class=\"elementskit-card-header\" id=\"primaryHeading-5-6f00045\">\n                        <a href=\"#collapse-00721fc69f5f5f763afc\" class=\"ekit-accordion--toggler elementskit-btn-link collapsed\" data-ekit-toggle=\"collapse\" data-target=\"#Collapse-00721fc69f5f5f763afc\" aria-expanded=\"false\" aria-controls=\"Collapse-00721fc69f5f5f763afc\">\n                            \n                            <span class=\"ekit-accordion-title\">O T-Energy\u00ae \u00e9 medicamento?<\/span>\n\n                            \n                                <div class=\"ekit_accordion_icon_group\">\n                                    <div class=\"ekit_accordion_normal_icon\">\n                                        <!-- Normal Icon -->\n                                        <i aria-hidden=\"true\" class=\"icon-open icon-right icon icon-down-arrow1\"><\/i>                                    <\/div>\n\n                                    <div class=\"ekit_accordion_active_icon\">\n                                        <!-- Active Icon -->\n                                        <i aria-hidden=\"true\" class=\"icon-closed icon-right icon icon-up-arrow\"><\/i>                                    <\/div>\n\n                                <\/div>\n\n                            \n                                                    <\/a>\n                    <\/div>\n\n                    <div id=\"Collapse-00721fc69f5f5f763afc\" class=\" collapse\" aria-labelledby=\"primaryHeading-5-6f00045\" data-parent=\"#accordion-69f5f5f763afc\">\n\n                        <div class=\"elementskit-card-body ekit-accordion--content\">\n                            <p>Esse produto n\u00e3o \u00e9 um medicamento, trata-se de um suplemento com vitaminas e minerais para auxiliar na regula\u00e7\u00e3o do metabolismo. Em caso de d\u00favidas mais espec\u00edficas sobre patologias individuais, consulte seu m\u00e9dico.<\/p>                        <\/div>\n\n                    <\/div>\n\n                <\/div><!-- .elementskit-card END -->\n\n                \n                <div class=\"elementskit-card \">\n                    <div class=\"elementskit-card-header\" id=\"primaryHeading-6-6f00045\">\n                        <a href=\"#collapse-1f17ce369f5f5f763afc\" class=\"ekit-accordion--toggler elementskit-btn-link collapsed\" data-ekit-toggle=\"collapse\" data-target=\"#Collapse-1f17ce369f5f5f763afc\" aria-expanded=\"false\" aria-controls=\"Collapse-1f17ce369f5f5f763afc\">\n                            \n                            <span class=\"ekit-accordion-title\">Diab\u00e9ticos podem consumir o produto?<\/span>\n\n                            \n                                <div class=\"ekit_accordion_icon_group\">\n                                    <div class=\"ekit_accordion_normal_icon\">\n                                        <!-- Normal Icon -->\n                                        <i aria-hidden=\"true\" class=\"icon-open icon-right icon icon-down-arrow1\"><\/i>                                    <\/div>\n\n                                    <div class=\"ekit_accordion_active_icon\">\n                                        <!-- Active Icon -->\n                                        <i aria-hidden=\"true\" class=\"icon-closed icon-right icon icon-up-arrow\"><\/i>                                    <\/div>\n\n                                <\/div>\n\n                            \n                                                    <\/a>\n                    <\/div>\n\n                    <div id=\"Collapse-1f17ce369f5f5f763afc\" class=\" collapse\" aria-labelledby=\"primaryHeading-6-6f00045\" data-parent=\"#accordion-69f5f5f763afc\">\n\n                        <div class=\"elementskit-card-body ekit-accordion--content\">\n                            <p>Sim. A f\u00f3rmula de T-Energy\u00ae n\u00e3o cont\u00e9m a\u00e7\u00facar.<\/p>                        <\/div>\n\n                    <\/div>\n\n                <\/div><!-- .elementskit-card END -->\n\n                \n                <div class=\"elementskit-card \">\n                    <div class=\"elementskit-card-header\" id=\"primaryHeading-7-6f00045\">\n                        <a href=\"#collapse-a424ca469f5f5f763afc\" class=\"ekit-accordion--toggler elementskit-btn-link collapsed\" data-ekit-toggle=\"collapse\" data-target=\"#Collapse-a424ca469f5f5f763afc\" aria-expanded=\"false\" aria-controls=\"Collapse-a424ca469f5f5f763afc\">\n                            \n                            <span class=\"ekit-accordion-title\">Onde compro o T-Energy\u00ae ?<\/span>\n\n                            \n                                <div class=\"ekit_accordion_icon_group\">\n                                    <div class=\"ekit_accordion_normal_icon\">\n                                        <!-- Normal Icon -->\n                                        <i aria-hidden=\"true\" class=\"icon-open icon-right icon icon-down-arrow1\"><\/i>                                    <\/div>\n\n                                    <div class=\"ekit_accordion_active_icon\">\n                                        <!-- Active Icon -->\n                                        <i aria-hidden=\"true\" class=\"icon-closed icon-right icon icon-up-arrow\"><\/i>                                    <\/div>\n\n                                <\/div>\n\n                            \n                                                    <\/a>\n                    <\/div>\n\n                    <div id=\"Collapse-a424ca469f5f5f763afc\" class=\" collapse\" aria-labelledby=\"primaryHeading-7-6f00045\" data-parent=\"#accordion-69f5f5f763afc\">\n\n                        <div class=\"elementskit-card-body ekit-accordion--content\">\n                            <p>Voc\u00ea pode adquirir o seu T-Energy\u00ae exclusivamente em nosso site por enquanto. Em breve ser\u00e1 divulgado pontos de vendas f\u00edsicos em nosso site.<\/p>                        <\/div>\n\n                    <\/div>\n\n                <\/div><!-- .elementskit-card END -->\n\n                                        <\/div>\n    <\/div>\t\t<\/div>\n\t\t\t\t<\/div>\n\t\t\t\t\t<\/div>\n\t\t<\/div>\n\t\t\t\t\t<\/div>\n\t\t<\/section>\n\t\t\t\t\t<\/div>\n\t\t<\/div>\n\t\t\t\t\t<\/div>\n\t\t<\/section>\n\t\t\t\t<\/div>\n\t\t","protected":false},"excerpt":{"rendered":"<p>PERGUNTAS FREQUENTES O que \u00e9 o T-Energy\u00ae ? O T-Energy\u00ae \u00e9 um concentrado de nutrientes, que deve ser consumido pela manh\u00e3, capaz de potencializar o funcionamento de sua tireoide, auxiliando na regula\u00e7\u00e3o do metabolismo basal. Quais s\u00e3o os benef\u00edcios do T-Energy\u00ae ? Maior disposi\u00e7\u00e3o no dia a dia Melhora da fun\u00e7\u00e3o tireoidiana Aumento de gasto [&hellip;]<\/p>\n","protected":false},"author":1,"featured_media":0,"parent":0,"menu_order":0,"comment_status":"closed","ping_status":"closed","template":"","meta":{"footnotes":""},"class_list":["post-964","page","type-page","status-publish","hentry"],"_links":{"self":[{"href":"https:\/\/powerstrong.com.br\/index.php\/wp-json\/wp\/v2\/pages\/964"}],"collection":[{"href":"https:\/\/powerstrong.com.br\/index.php\/wp-json\/wp\/v2\/pages"}],"about":[{"href":"https:\/\/powerstrong.com.br\/index.php\/wp-json\/wp\/v2\/types\/page"}],"author":[{"embeddable":true,"href":"https:\/\/powerstrong.com.br\/index.php\/wp-json\/wp\/v2\/users\/1"}],"replies":[{"embeddable":true,"href":"https:\/\/powerstrong.com.br\/index.php\/wp-json\/wp\/v2\/comments?post=964"}],"version-history":[{"count":1,"href":"https:\/\/powerstrong.com.br\/index.php\/wp-json\/wp\/v2\/pages\/964\/revisions"}],"predecessor-version":[{"id":1204,"href":"https:\/\/powerstrong.com.br\/index.php\/wp-json\/wp\/v2\/pages\/964\/revisions\/1204"}],"wp:attachment":[{"href":"https:\/\/powerstrong.com.br\/index.php\/wp-json\/wp\/v2\/media?parent=964"}],"curies":[{"name":"wp","href":"https:\/\/api.w.org\/{rel}","templated":true}]}}